2052998577 a prime number?
False
Is 9874445149 a prime number?
False
Is 6821754521 a composite number?
False
Is 20410331 prime?
True
Is 2056545329 composite?
False
Is 2122939081 a prime number?
False
Is 9259667 a composite number?
False
Is 30765611 a prime number?
False
Is 11267192957 prime?
False
Is 1384998967 a composite number?
True
Is 281868690707 a prime number?
True
Is 8296110839 composite?
False
Is 667461605 a prime number?
False
Is 15268492003 a composite number?
True
Is 8058254023 a prime number?
True
Is 2786412749 a composite number?
True
Is 89368211 a composite number?
True
Is 44916848123 composite?
True
Is 458920271 a prime number?
False
Is 22165614161 prime?
False
Is 94958799413 prime?
True
Is 223666410053 a prime number?
False
Is 888119179 a prime number?
True
Is 14943940273 prime?
True
Is 6799703227 a prime number?
False
Is 1293526147 composite?
False
Is 5458206151 prime?
False
Is 517547683 a prime number?
False
Is 1781571583 a prime number?
False
Is 16071316699 a composite number?
True
Is 10429710563 composite?
False
Is 1438730047 a composite number?
True
Is 7525653917 a composite number?
True
Is 68316959 composite?
False
Is 1208948407 a prime number?
True
Is 19508979943 a prime number?
False
Is 26547247 a composite number?
False
Is 21759627653 a composite number?
False
Is 4822319009 composite?
False
Is 3835465741 composite?
False
Is 4994701889 prime?
False
Is 17055205199 a composite number?
False
Is 23180305413 composite?
True
Is 16713218735 composite?
True
Is 2520148067 prime?
True
Is 609138503 a composite number?
True
Is 1387693231 composite?
False
Is 9073746049 a prime number?
True
Is 21843789689 a prime number?
False
Is 21114568181 composite?
True
Is 26671103023 a prime number?
True
Is 2186965499 composite?
False
Is 6019306073 a prime number?
False
Is 672539969 prime?
True
Is 5421023347 composite?
True
Is 9971021 a prime number?
False
Is 157223699 a composite number?
True
Is 838669427 a composite number?
True
Is 847524859 prime?
True
Is 7527780083 a prime number?
True
Is 261418459 composite?
False
Is 385447491029 composite?
False
Is 7153576609 prime?
True
Is 246360743 a composite number?
True
Is 1465335719 composite?
False
Is 2290684751 a prime number?
False
Is 401140505 a prime number?
False
Is 201311835533 composite?
True
Is 37668182851 a prime number?
False
Is 99313082069 a prime number?
False
Is 58954905667 prime?
False
Is 10672780957 prime?
False
Is 4902253813 a prime number?
False
Is 5587570797 prime?
False
Is 5355163459 a prime number?
True
Is 16578093113 a prime number?
True
Is 156398905181 prime?
True
Is 632817151 a composite number?
True
Is 2160983119 composite?
True
Is 14112191 a composite number?
False
Is 572881867 prime?
False
Is 29319950161 a prime number?
False
Is 1528554679 composite?
False
Is 44627323417 a prime number?
False
Is 265973263 prime?
True
Is 2570882257 a composite number?
False
Is 7939339691 a composite number?
True
Is 344331683 a prime number?
True
Is 17372556743 composite?
False
Is 2084119673 composite?
True
Is 2599301303 a prime number?
True
Is 12888339719 prime?
False
Is 2692759507 composite?
False
Is 111440925814 a composite number?
True
Is 2718190297 a prime number?
False
Is 15213857341 a prime number?
True
Is 305798029 prime?
False
Is 8855445181 composite?
True
Is 46152400867 composite?
False
Is 3230866351 a composite number?
True
Is 25510650037 a composite number?
False
Is 2833518319 prime?
False
Is 21311551589 prime?
False
Is 3308170829 a prime number?
False
Is 54445117397 prime?
False
Is 2120614271 composite?
False
Is 39050931119 composite?
False
Is 1075194821 composite?
False
Is 615407953 composite?
False
Is 2565906809 a composite number?
True
Is 11827577329 composite?
True
Is 8439305179 a prime number?
True
Is 1434276203 a prime number?
True
Is 22359105941 a composite number?
False
Is 1127474869 prime?
False
Is 140588839 a composite number?
True
Is 17758954843 composite?
True
Is 15647992723 a prime number?
False
Is 3879238243 a composite number?
True
Is 79170673 a composite number?
False
Is 545399291 composite?
False
Is 9898125547 composite?
False
Is 757719407 composite?
True
Is 28430944303 a prime number?
True
Is 394027531 a prime number?
True
Is 1871199089 a prime number?
True
Is 2001812299 composite?
False
Is 2387816183 composite?
False
Is 8786159462 composite?
True
Is 35879465443 a prime number?
True
Is 784184187 prime?
False
Is 92042367 a prime number?
False
Is 998863709 prime?
True
Is 68835161993 composite?
True
Is 4346330873 a composite number?
False
Is 1322720111 a prime number?
True
Is 89920905089 composite?
True
Is 133035478489 prime?
True
Is 912407703 composite?
True
Is 192916207241 a composite number?
False
Is 5596924037 prime?
True
Is 122864267 prime?
False
Is 13924633483 composite?
True
Is 865352591 composite?
False
Is 6441172765 a composite number?
True
Is 1751010029 prime?
False
Is 292428826 a composite number?
True
Is 2131876546 composite?
True
Is 127996177 prime?
True
Is 21466821029 prime?
True
Is 231425309 prime?
True
Is 74608304117 a prime number?
True
Is 2926596953 a composite number?
True
Is 1754358899 prime?
False
Is 30713092561 a prime number?
True
Is 80148823 a composite number?
False
Is 16955401327 composite?
True
Is 53870019103 prime?
False
Is 394458341 prime?
True
Is 2510036581 a prime number?
False
Is 41855643329 a prime number?
True
Is 600628859 a composite number?
True
Is 217026323 composite?
False
Is 2938151651 a composite number?
True
Is 1788283901 a composite number?
False
Is 684957621859 composite?
True
Is 1825007069 composite?
True
Is 323766869 composite?
True
Is 44830837 a prime number?
False
Is 95747485219 prime?
True
Is 3688916477 prime?
False
Is 27058098479 a composite number?
False
Is 5726485351 a prime number?
False
Is 29706689 composite?
False
Is 753280169 composite?
True
Is 871781231 composite?
False
Is 5661038519 composite?
False
Is 5405168933 a prime number?
True
Is 25465705667 prime?
True
Is 9195640559 a composite number?
True
Is 1379537903 composite?
True
Is 219705743 composite?
False
Is 138283195253 prime?
False
Is 1022257979 composite?
False
Is 68000318521 a composite number?
False
Is 157952761 composite?
False
Is 10181332171 composite?
True
Is 268606391 prime?
False
Is 356579189 composite?
True
Is 29434631 prime?
False
Is 253503531287 composite?
False
Is 2656673777 composite?
False
Is 13485391099 prime?
False
Is 8578505293 a prime number?
False
Is 9140970593 a composite number?
False
Is 28633478557 a prime number?
False
Is 59047783 composite?
True
Is 1921928551 composite?
False
Is 15619905659 prime?
False
Is 2183936791 a prime number?
False
Is 27287025949 a composite number?
False
Is 243476063 composite?
True
Is 193249339 a prime number?
True
Is 1198149149 a prime number?
False
Is 41212673 prime?
True
Is 12975145817 prime?
False
Is 139420065947 prime?
True
Is 61202295001 composite?
True
Is 2792649863 prime?
False
Is 1345628919 a prime number?
False
Is 104815919965 composite?
True
Is 915616099 prime?
False
Is 22735630457 composite?
False
Is 170846329 a composite number?
True
Is 2162619847 a composite number?
True
Is 63215202901 prime?
True
Is 7949973643 a composite number?
False
Is 2729014333 composite?
False
Is 2120648735 prime?
False
Is 181352173 a prime number?
False
Is 24430823 composite?
True
Is 27601272329 prime?
False
Is 8772229547 prime?
True
Is 54905183873 a prime number?
True
Is 1295377519 a prime number?
False
Is 1748193 composite?
True
Is 7111346807 a prime number?
True
Is 3269162971 prime?
False
Is 2967021571 a composite number?
True
Is 5016845342 composite?
True
Is 74752261 a composite number?
True
Is 1662145477 a composite number?
False
Is 1658681327 prime?
True
Is 19630659161 composite?
False
Is 3739578251 prime?
False
Is 68996969 prime?
True
Is 21405236959 a prime number?
True
Is 40334363 a composite number?
True
Is 22273163942 prime?
False
Is 19556050841 a prime number?
True
Is 11440181257 prime?
False
Is 3786504451 a prime number?
False
Is 701392009 a prime number?
True
Is 3007336223 prime?
True
Is 2750993263 composite?
False
Is 16640910511 a composite number?
True
Is 179008579 a prime number?
True
Is 16187457653 composite?
False
Is 58794817427 a prime number?
True
Is 129930119633 composite?
True
Is 2687239387